**2 + 39*t + 72. What is k(-7)?
-5
Let v(d) = -134*d - 802. Determine v(-6).
2
Let i(z) = z**3 + 3*z**2 - 15*z - 20. Give i(-5).
5
Let m(q) = 4*q**3 + q**2 - q - 1. Calculate m(-1).
-3
Let l(o) = -o**3 + 4*o**2 + o + 3. What is l(5)?
-17
Let g(t) = t**3 - t**2 + 2*t - 6. What is g(0)?
-6
Let g(p) = -6*p - 17. Give g(7).
-59
Let j(w) = -9*w - 175. Calculate j(-19).
-4
Let i(h) = 4*h**3 - 19*h**2 - 21*h + 74. Give i(5).
-6
Let c(o) = o**3 + 6*o**2 + 7*o - 1. Give c(-4).
3
Let w(o) = -2*o - 20. What is w(17)?
-54
Let g(h) = h**3 + 2*h**2 + h - 7. Give g(2).
11
Let j(h) = h**2 - 6*h + 11. Give j(5).
6
Let d(o) = -o**2 - 10*o - 19. Give d(-7).
2
Let k(b) = -14*b + 914. What is k(65)?
4
Let t(n) = -n**3 + 6*n**2 + 5*n + 4. Give t(7).
-10
Let b(r) = r**3 - 5*r**2 - 10*r + 15. Determine b(7).
43
Let f(y) = -16*y**3 - 3*y**2 - 6*y - 4. Determine f(-1).
15
Let p(x) = 5*x + 3. Determine p(-2).
-7
Let w(n) = -5*n - 50. Determine w(12).
-110
Let i(g) = g**3 + 5*g**2 - 4*g + 5. Determine i(-6).
-7
Let c(b) = -10*b + 54. Calculate c(6).
-6
Let r(k) = k - 18. Give r(-15).
-33
Let y(l) = l - 34. Calculate y(39).
5
Let l(a) = -a**3 + 22*a**2 - a + 19. What is l(22)?
-3
Let y(j) = j**2 + 5*j - 3. Give y(-4).
-7
Let z(o) = 6*o - 2. What is z(-2)?
-14
Let n(b) = -b**3 + 6*b**2 + 8*b - 13. Calculate n(7).
-6
Let y(u) = 4*u**3 + 2*u**2 + 7*u - 8. Calculate y(1).
5
Let l(m) = 2*m - 11. What is l(7)?
3
Let c(y) = -y**3 - 10*y**2 - 21*y + 16. Calculate c(-5).
-4
Let p(v) = -8*v - 24. What is p(4)?
-56
Let p(b) = b**3 + 15*b**2 + 6*b - 21. Calculate p(-15).
-111
Let c(m) = m**3 + 16*m**2 - 16*m - 1. Determine c(-17).
-18
Let v(t) = -3*t**3 + 18*t**2 - 9*t + 14. What is v(6)?
-40
Let k(h) = h**2 - h. What is k(-4)?
20
Let l(c) = -c**3 - 3*c**2 + 3*c - 6. Determine l(-4).
-2
Let o(z) = -z**3 - 3*z**2 + 6*z + 6. Calculate o(-4).
-2
Let n(g) = 12*g**2 - 7*g - 3. Determine n(-2).
59
Let n(p) = 2*p**2 - p - 6. Determine n(-6).
72
Let h(g) = 23*g + 1. Give h(3).
70
Let x(q) = 24*q + 16. Determine x(-6).
-128
Let k(v) = -77*v + 537. Give k(7).
-2
Let z(p) = 11*p + 122. Calculate z(-5).
67
Let g(y) = -y**3 + 2*y**2 + y - 16. Calculate g(0).
-16
Let r(d) = d**2 + 15*d - 67. Determine r(-17).
-33
Let m(u) = u**3 + 9*u**2 - 8*u. Give m(-10).
-20
Let n(p) = -3*p - 12. What is n(-4)?
0
Let n(z) = -z**2 - 5*z + 10. Calculate n(-8).
-14
Let y(s) = 4*s - 4. Give y(3).
8
Let v(c) = -c**2 + c + 36. What is v(7)?
-6
Let x(d) = -d**3 + 5*d**2 - 10*d + 7. What is x(6)?
-89
Let u(r) = r**2 - 5*r - 33. Determine u(-6).
33
Let u(z) = z**2 - 3*z - 2. Determine u(-2).
8
Let l(b) = 2*b - 22. Calculate l(12).
2
Let c(l) = l - 15. Determine c(7).
-8
Let g(l) = 2*l - 4. Determine g(-4).
-12
Let u(j) = -j**3 - 2*j**2 + 7*j. Determine u(-4).
4
Let j(z) = -32*z**2 + 11*z + 11. What is j(-1)?
-32
Let x(q) = -q**2 + 45*q - 205. What is x(40)?
-5
Let z(u) = -u**3 - 8*u**2 + 8*u - 6. Calculate z(-8).
-70
Let l(w) = -14*w + 118. What is l(8)?
6
Let a(r) = r**2 - 28*r + 14. Give a(14).
-182
Let z(m) = 2*m**3 + 70*m**2 - 149*m - 33. What is z(-37)?
4
Let h(b) = b**2 - b - 54. Give h(9).
18
Let q(y) = -y**2 + 14*y - 14. Determine q(12).
10
Let w(x) = 36*x + 181. Determine w(-5).
1
Let a(h) = -h**2 + 7*h + 7. Calculate a(6).
13
Let b(m) = 2*m**2 - 7*m + 2. Determine b(9).
101
Let i(j) = j**2 + 43*j + 162. Determine i(-39).
6
Let t(s) = -7*s - 5. What is t(-2)?
9
Let w(p) = -2*p - 42. Calculate w(-13).
-16
Let o(j) = -4*j**2 + 3*j - 1. Calculate o(2).
-11
Let a(j) = j**3 - 8*j**2 + 4*j + 16. What is a(7)?
-5
Let y(g) = -g**3 + 34*g**2 - 100*g + 19. Determine y(3).
-2
Let c(a) = -17*a + 15. What is c(0)?
15
Let k(x) = -x**2 - 4*x + 4. Calculate k(-3).
7
Let l(y) = -y**2 - 3*y - 5. Give l(0).
-5
Let s(v) = 3*v**2 + 34*v - 7. Give s(-11).
-18
Let j(f) = -4*f**2 + 11*f - 11. Calculate j(1).
-4
Let p(m) = -m**2 + 17*m - 4. Give p(16).
12
Let p(i) = i**3 - 11*i**2 + 20*i - 12. Give p(5).
-62
Let q(j) = 2*j**2 + 66*j + 13. What is q(-32)?
-51
Let j(l) = l**2 - 12*l - 2. Give j(10).
-22
Let u(r) = r**2 - 9*r + 14. What is u(6)?
-4
Let g(j) = j**2 + 12*j + 20. What is g(-4)?
-12
Let p(f) = f - 50. Determine p(9).
-41
Let f(l) = -3*l**3 - 18*l**2 - 13*l + 17. What is f(-5)?
7
Let b(h) = h**2 - 18*h + 69. What is b(6)?
-3
Let q(g) = g**3 - 8*g**2 + 11*g - 19. Give q(7).
9
Let f(w) = w**2 - 44*w + 251. Give f(37).
-8
Let r(j) = 4*j + 18. Give r(-4).
2
Let h(p) = p**3 - 5*p**2 + 2*p - 4. Calculate h(4).
-12
Let h(v) = 17*v + 32. Determine h(-2).
-2
Let q(c) = 20*c - 72. Give q(4).
8
Let y(c) = c**3 + 6*c**2 + 7*c + 1. Give y(-5).
-9
Let u(h) = h**3 + 11*h**2 - 16*h + 6. What is u(-12)?
54
Let m(r) = r**3 + 4*r**2 - r - 3. What is m(-4)?
1
Let c(w) = w**3 + 7*w**2 - 8*w + 19. Calculate c(-9).
-71
Let s(h) = 11*h - 132. Calculate s(13).
11
Let v(x) = -x**2 - 4*x - 13. What is v(-4)?
-13
Let s(d) = 9*d - 422. What is s(50)?
28
Let o(z) = z**3 - 6*z**2 - 11*z + 6. What is o(7)?
-22
Let s(z) = -8*z + 35. Determine s(5).
-5
Let f(m) = m**3 - 7*m**2 - 5*m + 10. Calculate f(5).
-65
Let a(l) = -34*l + 5. Calculate a(-1).
39
Let s(a) = -10*a + 14. Calculate s(2).
-6
Let b(m) = -8*m + 1. What is b(9)?
-71
Let p(y) = -4*y**3 - y**2 - 10*y + 8. What is p(3)?
-139
Let a(o) = -o**3 - 33*o**2 + 27. Calculate a(-33).
27
Let g(c) = -c**3 - 10*c**2 + 16*c + 62. What is g(-11)?
7
Let v(d) = -2*d**2 + 16. Calculate v(3).
-2
Let c(i) = i**2 - 31*i + 44. What is c(27)?
-64
Let c(h) = h**3 - 9*h**2 - 2*h + 7. What is c(9)?
-11
Let q(a) = -a**2 + 15*a - 16. What is q(14)?
-2
Let q(v) = v**2 - 9*v + 4. Calculate q(4).
-16
Let l(m) = -m**3 - 5*m**2 - 2*m + 1. Give l(-2).
-7
Let x(h) = h**3 - h**2 + 10*h - 8. What is x(0)?
-8
Let y(v) = -v**3 - 42*v**2 + v + 30. Determine y(-42).
-12
Let h(p) = -p + 27. Determine h(-7).
34
Let g(q) = -19*q**2 - q - 4. Determine g(2).
-82
Let s(n) = n**3 - 6*n**2 - 5*n - 2. What is s(7)?
12
Let y(z) = 5*z**3 - 44*z**2 - 6*z - 21. Determine y(9).
6
Let u(t) = 9*t - 4. What is u(2)?
14
Let k(l) = 21*l + 2. What is k(3)?
65
Let m(z) = -z**2 + 10*z - 22. Give m(5).
3
Let k(u) = u**2 + 7*u - 28. Calculate k(-12).
32
Let y(c) = 2*c**2 - 16*c + 2. Calculate y(8).
2
Let i(u) = -u**2 + 7*u + 24. Give i(14).
-74
Let a(v) = v**3 - 6*v**2 + 5*v + 9. What is a(5)?
9
Let p(j) = -j**3 + 4*j**2 - 2*j + 4. Calculate p(4).
-4
Let i(c) = c**2 - 4. Determine i(0).
-4
Let t(j) = j**3 - j**2 - 1. Give t(2).
3
Let z(p) = -p**2 + 19*p + 211. Give z(-8).
-5
Let x(w) = 215*w - 2365. Give x(11).
0
Let m(x) = -x + 15. What is m(-6)?
21
Let d(s) = -s**2 + 12*s + 35. Calculate d(15).
-10
Let p(v) = -v - 15. Calculate p(0).
-15
Let s(c) = -4*c - 11. What is s(-10)?
29
Let p(h) = -h + 10. Give p(10).
0
Let j(r) = -8*r**2 - 59*r - 30. Determine j(-7).
-9
Let c(g) = -8*g - 8. Give c(-7).
48
Let f(z) = -6*z**2 + 5*z. Determine f(2).
-14
Let t(y) = 3*y**2 + 19*y - 28. Give t(-7).
-14
Let f(p) = -p**3 - 4*p**2 - 6*p - 3. What is f(-4)?
21
Let s(m) = -16*m + 75. Determine s(5).
-5
Let n(r) = -2*r**2 - 3*r + 46. Give n(0).
46
Let u(w) = -60*w - 664. Calculate u(-11).
-4
Let p(q) = -q**2 + 9*q + 44. What is p(14)?
-26
Let c(a) = -a**2 + 13*a + 6. Calculate c(14).
-8
Let x(i) = i**2 + 8*i + 10. Determine x(-10).
30
Let i(f) = 5*f + 5. Determine i(-2).
-5
Let k(y) = -y**3 - 9*y**2 - 2*y - 23. Calculate k(-9).
-5
Let a(f) = -8*f + 21. What is a(3)?
-3
Let p(x) = -9*x + 143. Determine p(16).
-1
Let s(t) = -4*t**3 - 148*t**2 - t - 36. What is s(-37)?
1
Let i(t) = t**3 - 6*t**2 + 4*t - 8. What is i(6)?
16
Let p(j) = j**3 + 3*j**2 - j + 5. Give p(-4).
-7
Let k(x) = x**3 - x**2 + x + 13. What is k(0)?
13
Let l(o) = o**3 + 35*o**2 + 35*o - 47. What is l(-34)?
-81
Let m(j) = 27*j + 751. Determine m(-28).
-5
Let l(n) = -24*n**2 - 218*n - 14. What is l(-9)?
4
Let c(s) = 20*s + 84. Determine c(-3).
24
Let h(b) = b**2 - 6*b - 7. Calculate h(-4).
33
Let d(t) = t**2 + t + 6. Determine d(-7).
48
Let m(c) = 5*c**2 - 2*c + 1. Calculate m(2).
17
Let m(y) = -31*y + 309. Calculate m(10).
-1
Let u(v) = -34*v - 4. Determine u(-1).
30
Let x(c) = c**2 - 11*c + 18. Give x(7).
-10
Let n(s) = -14*s - 5. Determine n(-6).
79
Let k(s) = 5*s**2 - 3*s + 3. What is k(1)?
5
Let v(g) = -g**3 + 6*g**2 - g - 5. Determine v(5).
15
Let r(b) = -14*b - 16. Calculate r(-5).
54
Let b(g) = g - 43. Ca